s the hundreds digit of x?
3
What is the tens digit of (32/(-6))/(1/(-174)*1)?
2
Let v = -12 + 36. What is the tens digit of (84/10)/(v/60)?
2
Let w be -3 + 4/8*30 + 1. Let k = 1 + -1. Let q = w + k. What is the units digit of q?
3
Let q(c) = -3*c**2 + 38*c. Let p be q(14). Let u = 37 - p. What is the tens digit of u?
9
Let f(s) = 148*s + 43. What is the hundreds digit of f(3)?
4
Let r = 248 + -120. Suppose -o + 88 = 3*v, 2*v - r = -2*o + 64. What is the hundreds digit of o?
1
Let j(t) = 2*t. Suppose 3*q - 2*q = 4*d - 11, q + d - 9 = 0. What is the units digit of j(q)?
0
Suppose -2*l + 9 - 3 = -n, -4*l + 12 = 0. Let w be -2 + 2 + 20 + n. Suppose -3*v = 2*b - 52, b + v - w = -2*v. What is the tens digit of b?
3
Let x = 2316 - 1396. What is the tens digit of x?
2
Let q(x) = x**2 + 2*x + 2. Let s be q(0). Suppose -5*c + 268 = s*z, 183 = 3*c - 3*z + 39. Suppose 3*g - c = 86. What is the tens digit of g?
4
Let d = 768 + 47. What is the tens digit of d?
1
Suppose -4*v + 10*a = 7*a - 2123, -4*a = 20. What is the tens digit of v?
2
Let p = -42 - -140. What is the tens digit of p/(-3)*(-1)/(6/9)?
4
Let c = 896 - -39. What is the units digit of c?
5
Let j be (2/(-4))/(1/(-6)). Let i(v) = 5 - 4*v**3 - 14*v**2 - 12*v + v**2 + j*v**3. What is the units digit of i(-12)?
5
Suppose 2*l = 3*q - 0*q + 22, -5*q + 22 = 2*l. Suppose -l*j = -363 - 286. What is the tens digit of j?
5
What is the units digit of 15/(135/1074)*(-228)/(-8)?
1
Suppose -12 = 27*v - 24*v. What is the units digit of 30/v*10/(-15)?
5
Suppose 2*w - 22 = -0*w. Let k be 12/66 - (-42)/w. Suppose -4*d + 0*d = 3*m - 128, k*d - m - 112 = 0. What is the units digit of d?
9
Let z = -31 + 45. Suppose z*m = 9*m. What is the units digit of (4/(-8) - m)*-58?
9
Let x be 3/(-4) - (-3)/4. Suppose 2*y + 14 = 3*l, -13 + x = -2*l + 5*y. Suppose -l*v - 10 = -162. What is the tens digit of v?
3
Suppose q - 340 = -4*w, -q + 4*w - 16 = -380. What is the units digit of q?
2
Suppose -10 + 13030 = 7*g. What is the hundreds digit of g?
8
Suppose -4*q = 12, q + 11 = 2*k - 0*k. Suppose -k*c + 4*w - 2 = 86, 86 = -5*c - w. What is the units digit of ((-1)/(-3))/((-1)/c)?
6
Let a(v) = -138*v**3 + v**2 - 1. Suppose 2*t + 2*t + 4 = 0. Let f be a(t). Suppose -f = -4*b - 2*r - r, 0 = 5*b + 2*r - 169. What is the units digit of b?
3
Let q be 1/(-2)*-6 - 0. Suppose -4*x - q*x = 0. What is the units digit of (-43)/(2 - 3 - x)?
3
Let f = 985 + 421. What is the hundreds digit of f?
4
Suppose 5*t - 20 = 5, -t = p - 374. What is the units digit of p?
9
Suppose -4*u = -0*u - 8. Suppose -91 = 3*h + 4*p, -u*h = 3*p + 8 + 51. Let m = h + 73. What is the units digit of m?
6
Let a(l) = -l**3 - 4*l**2 - 5*l - 2. Let q be a(-2). What is the units digit of (4 + -5 + -2)*(-21 + q)?
3
Let p = -55 + 91. Suppose -p*l = -35*l - 173. What is the tens digit of l?
7
Suppose -4 = -b + 5*b. Suppose -5*a + 1 = -6*a. What is the units digit of (b - a) + (-48)/(-4)?
2
Suppose -4*d = 28 + 16. Let i = d - -44. Suppose m - i = -2. What is the tens digit of m?
3
Suppose -1 = 2*h - 3. Suppose 11 = 2*z + h. Let i(y) = -y**3 + 4*y**2 + 5*y + 6. What is the units digit of i(z)?
6
Let t = 115 - -573. What is the hundreds digit of t?
6
Let q(n) = -277*n - 34. Let o be q(-3). Suppose 10*w - o = -47. What is the tens digit of w?
7
What is the hundreds digit of 22/(-3)*(-3564)/72?
3
What is the hundreds digit of 209 + 5 + (8 - 9)?
2
Let n(k) = -53*k + 3 - 3 - 1 + 0. Let z be n(-1). Let l = -35 + z. What is the units digit of l?
7
Let q = 29 - -11. Let v = q - 19. What is the units digit of v?
1
Let u(q) = q**3 - q**2 - 3*q + 1. Let n = -1 + 6. Suppose 0 = -5*l - 4*x - 5, l - n*x - 34 = -6. What is the tens digit of u(l)?
1
Let v(y) = 10*y**2 - 11*y - 11. Let u(p) = 7*p**2 - 7*p - 7. Let s(n) = -7*u(n) + 5*v(n). Let t = -108 - -104. What is the tens digit of s(t)?
3
Let c(i) = -4*i**2 + 4*i + 4. Let n be c(-1). What is the units digit of n*(-2)/(-28) + 191/7?
7
Let f(n) = n + 4. Let l be f(-3). Let d be l/(-4) - 935/(-44). Let b = d - 15. What is the units digit of b?
6
Suppose 14*g = 12*g + 268. Let r = g - 61. What is the units digit of r?
3
Let y be 5/10*0/2. Suppose 4*x = 3*m + 50, y = -2*x - 2*x + 20. Let t = 18 + m. What is the units digit of t?
8
Suppose -4*f = -3*w - 5017, 0 = 5*f + 4*w + 2021 - 8300. What is the thousands digit of f?
1
Suppose 3 = -r + 4*r. Let w = 30 - r. What is the tens digit of w?
2
Suppose -1 + 7 = 2*k. What is the tens digit of 156/(-1 - (-9)/k)?
7
Let b = 73 + 47. Suppose s = -s + b. What is the tens digit of s?
6
Let h = -2928 - -8240. What is the hundreds digit of h?
3
Let b(v) = -v**3 + v**2 + 2*v + 2. Let c be b(3). Let w be ((-16)/c)/((-6)/(-15)). Suppose -w*m = -6*m + 26. What is the units digit of m?
3
Let u = -243 + 149. Let l = -24 + -22. Let x = l - u. What is the tens digit of x?
4
Suppose -30 - 2 = -2*t. Let l = t + -6. What is the tens digit of l?
1
Let z(f) be the first derivative of 2*f**3/3 - f**2/2 + 5*f + 2. What is the units digit of z(-5)?
0
Suppose -2*t - 7 = -t. Let g(y) = -y - 14. Let s(f) = f + 15. Let z(k) = 2*g(k) + 3*s(k). What is the units digit of z(t)?
0
Let g(k) = k**2 + 4*k - 13. Let u be g(-7). What is the units digit of 1/u - 1070/(-16)?
7
What is the hundreds digit of ((-4716)/(-72))/(1/8)?
5
Let a = 1483 + -989. Suppose 12*g + g = a. What is the tens digit of g?
3
Suppose 0 = -4*d + d - 105. Let y(s) = s**3 - 12*s**2 + 9*s + 10. Let t be y(11). Let n = t - d. What is the tens digit of n?
2
Suppose 0 = -11*a + 1284 + 5184. What is the hundreds digit of a?
5
Suppose -3128 = -6*k - 11*k. What is the hundreds digit of 8/8 + k + 3?
1
Let u(x) = -x**3 - 4*x**2 - 4*x - 1. Let i be u(-6). Let q = i - 30. What is the units digit of q?
5
Let j(h) = 60*h**2 - 4*h - 32. What is the tens digit of j(-4)?
4
Let l = 4187 + -572. What is the tens digit of l?
1
Suppose -91 - 321 = 4*k + 2*o, -3*o - 108 = k. Let z = k - -239. What is the units digit of z?
7
Let i(z) = -13*z**2 - 1 + z**3 + 10*z - 8*z + 13*z. What is the units digit of i(12)?
5
Let a(c) = 3*c**3 - 4*c**3 + 3 - 1 - 2*c - 6*c + 9*c**2. What is the tens digit of a(7)?
4
Let z(v) = -v**3 - 20*v**2 + 9*v + 44. What is the units digit of z(-21)?
6
Suppose -7 - 2 = -3*m. Suppose -1 + 0 = 3*v + 4*b, -m*v = 2*b - 7. Suppose 0 = -7*y + v*y + 66. What is the tens digit of y?
3
Let o(j) = -233*j**3 + 5*j**2 + 7*j + 12. What is the hundreds digit of o(-2)?
8
Suppose -4*l + 44 = -4*a - a, 3*a + 21 = -3*l. Let f(k) = -k**2 + 8*k + 14. Let y be f(7). Let o = y - a. What is the tens digit of o?
2
Suppose 2*a = 3*a - r - 1062, 4*a - 3*r - 4253 = 0. What is the thousands digit of a?
1
Suppose -3*i - 5*n - 6 = 17, -3*n = 3. Let g be (3 + -7)/(i/9). What is the tens digit of 4/g*(-189)/(-6)?
2
What is the units digit of 2571998/1716 + (-1)/(1*-6)?
9
Suppose -2*w + 10 - 38 = 0. Let q = 14 + w. What is the units digit of 2*(q - (-1 + -2))?
6
Suppose 3*s - 963 - 249 = 0. What is the hundreds digit of s?
4
Suppose -5*t - 26 = -4*t. Let z = 96 - t. Let k = z + -76. What is the tens digit of k?
4
Let r = 29 + -25. Suppose r*s = 1 - 5, p = 2*s + 192. Suppose -p = -4*g + 38. What is the units digit of g?
7
Let x = 1651 - 908. What is the hundreds digit of x?
7
Let q(w) = w**3 - 12*w**2 + 15*w - 15. Let l be q(11). Let o = l + 37. What is the units digit of o?
6
Let c = -18 - -44. Suppose 5*i = -6*v + 2*v + 20, 0 = 2*i - 2*v - c. What is the units digit of i?
8
Let d(q) = -8*q**3 - 3*q**2 - 2*q + 1. Let a be d(-3). Suppose 2*f - a = -y, 3*y + 3*f + 2*f - 588 = 0. What is the hundreds digit of y?
1
Let s(d) = d + 21. Let m be s(-6). What is the units digit of (-101)/(-3) - (-5)/m?
4
Suppose 3*x - 2*y + y = 2980, x + 2*y = 998. What is the hundreds digit of x?
9
Let q = 457 - -138. What is the units digit of q*1/4 - 12/16?
8
Let t = -7 + 10. Let z be 3/t + -3 + 4. Let s = 81 - z. What is the tens digit of s?
7
Let r(w) be the second derivative of w**3/2 + 7*w**2 - 2*w. Let q be r(14). Suppose -u = -3*u + q. What is the units digit of u?
8
Let v be (-2)/(-4) - (-6)/(-12). Suppose -3*u + 5*d + 142 = 39, 2*u - d - 57 = v. What is the tens digit of u?
2
Suppose n - 5*n + h = -61, n - 5*h - 1 = 0. Let z = 16 - n. Suppose -4*p + 87 + 9 = z. What is the tens digit of p?
2
Suppose -28*a +